 -2*p, -l*p - 3*c = 2*c + 5. Give y(p).
-1
Suppose -5*f = 39*f + 88. Let g(q) be the second derivative of 5*q**3/6 + q**2/2 + q. Determine g(f).
-9
Let x = -86 + 90. Let n(y) = y**2 - 2*y - 4. Give n(x).
4
Let j(u) be the second derivative of -u**5/60 + u**4/12 + u**3/3 - u. Let q(y) be the second derivative of j(y). Let d = 7 + -4. Determine q(d).
-4
Suppose -5*i + 9*i = 24. Let c(n) = n**3 - 7*n**2 + 6*n + 2. Determine c(i).
2
Let n(v) = v**3 + 7*v**2 - 8*v + 4. Let m be n(-8). Suppose x + 4*l + m = 19, l = x. Let s(q) = -4*q + 2. Give s(x).
-10
Let k(v) = v**3 - 6*v**2 + 5*v + 6. Let b be k(4). Let l(f) = f**2 + 6*f - 2. What is l(b)?
-2
Suppose -33 = d - 28. Let k(t) = -3*t**2 + 3*t - 5. Let y(v) = v**2 - 2*v + 2. Let h(l) = -2*k(l) - 5*y(l). What is h(d)?
5
Let o(b) = -2*b - 6. Suppose -2*a = -5*x + 2*a - 41, 0 = -x + 3*a - 17. Let n be o(x). Suppose n*l = l. Let g(f) = -f - 6. Calculate g(l).
-6
Let p(h) = h**2 + 3*h - 2. Suppose -4*i - n = 11, i - 4*i + n - 17 = 0. Determine p(i).
2
Let y(a) be the first derivative of 4*a + 1/2*a**2 + 10. Determine y(-6).
-2
Let b(c) be the third derivative of 0 - 1/40*c**6 + 1/30*c**5 + 1/6*c**3 + 0*c - c**2 + 1/12*c**4. Let i be 1/2 - 36/24. Give b(i).
4
Let k = 7 + -5. Let m(f) = 5*f**k - 3*f**2 - f + f**2. Determine m(1).
2
Let g(y) = -2*y**2 + 5 + 1 + 5*y**2 - 4*y**2 - 8*y. Calculate g(-9).
-3
Let w(z) = -z**2 - 5*z - 2. Let q be w(-5). Let m be ((-4)/(-6))/(q/12). Let h(f) = 3*f**2 - 5*f - 5 + 3*f**2 + 7*f**2 - 14*f**2. Calculate h(m).
-1
Let b(r) be the first derivative of r**3/3 - 2*r**2 + 4*r - 4. Determine b(4).
4
Let f(p) be the first derivative of -7 + 1/2*p**2 + 2*p. Determine f(-7).
-5
Let u be ((-24)/10)/(14/(-35)). Suppose u*s - s = 10. Let k(b) = -2 + b**3 - 5*b**2 - b + 4*b + b**2 - s. What is k(4)?
8
Let p(n) be the first derivative of -n**3/3 - 3*n**2 + 3*n + 18. Suppose -2*q - 12 - 2 = 0. Determine p(q).
-4
Suppose 3*r + 15 = 0, -3*r = -4*b - 0*r - 5. Let u(t) = 6*t - 1. Let s be u(-1). Let q = s - b. Let y(j) = -3*j - 2. Calculate y(q).
4
Let f(x) = x**2 - 2*x + 8. Let w(a) = 6*a**2 - 9*a + 40. Let q(c) = -11*f(c) + 2*w(c). Let y(z) be the first derivative of q(z). Calculate y(4).
12
Let h(f) = -f**2 - 5*f. Let z be 2/(-9) + 175/(-63). Calculate h(z).
6
Let s(x) = x**3 + 5*x**2 - x + 6. Let q(c) = -c**3 + 4*c**2 + 4*c. Let z be q(5). Determine s(z).
11
Let j(q) = -q**2 + q. Let a(g) = 4*g**2 - 5*g. Let f(r) = -6*a(r) - 26*j(r). Let v be (9/15)/(2/(-10)). Determine f(v).
6
Let y(x) be the third derivative of x**5/60 - x**4/4 + 7*x**3/6 + 17*x**2. Give y(5).
2
Suppose -2*n = -r + 4, 3*r + 2*n = -r + 6. Let j be (2/4)/(r/28). Let g be (-2)/(-7) + 26/j. Let x(i) = i**2 - 2*i - 4. Determine x(g).
4
Let d(t) be the first derivative of -5*t**2/2 - t - 4. What is d(5)?
-26
Suppose -f + 6 = 2*f, 0 = m + f - 5. Let s be -2*2/4*-6. Let q(d) = 2*d + 0*d**2 + d**3 - s + 3 - 4*d**2. Give q(m).
-6
Let a(f) be the first derivative of -f**4/4 + 4*f**3/3 - 2*f**2 + f - 8. Determine a(3).
-2
Let w(s) = -2*s + 2. Suppose -2*h - 4 = 2. Calculate w(h).
8
Let g(s) = -2*s + 3. Let p(b) = -b**2 - 7*b - 5. Let i be p(-7). Let t(k) = -2*k + 3. Let z(x) = i*g(x) + 6*t(x). Let n be (-4)/((1 - -1) + -1). Give z(n).
11
Let z(t) = -4*t**2 + 1. Let f = -5 + 7. Let j be (-3)/(-6)*(f + 0). Calculate z(j).
-3
Let j = -46 + 44. Let f(t) = -3*t**2. Let u(o) = -5*o**2. Let n(l) = -8*f(l) + 5*u(l). What is n(j)?
-4
Let p = -6 - -8. Let y(d) = -5 + 2*d**p + 9*d - d - d**2 + 0*d**2. Let v be y(-8). Let z(j) = j - 4. Determine z(v).
-9
Let z(d) be the second derivative of -1/20*d**5 + 5/6*d**3 + 0 + 1/3*d**4 + 3/2*d**2 - 4*d. Calculate z(5).
3
Suppose 5*v - 4*v - 2 = 0. Let z(q) be the second derivative of -q**5/20 + q**4/6 + q**3/3 - 3*q**2/2 + 11*q. What is z(v)?
1
Let s be 5*(18/(-15))/(-6). Let x(j) = -12*j. Determine x(s).
-12
Let l(t) be the first derivative of -t**5/12 + t**4/12 + t**3/6 - 3*t**2/2 + 3. Let u(r) be the second derivative of l(r). Give u(-1).
-6
Let u be ((-33)/(-66))/(2/(-12)). Let m(w) = -w**3 - 2*w**2 + 4*w. What is m(u)?
-3
Let c(t) be the first derivative of t**2/2 - 8*t + 1. Give c(0).
-8
Suppose 4*g - 6 = 10. Suppose g - 24 = -4*r. Let o = -7 + r. Let s(z) = -2*z**2 - 3*z - 1. Calculate s(o).
-3
Let l(h) = -5 - 8*h**2 - 2*h**3 + 3 + 10*h**2 + 1. Calculate l(-1).
3
Let r(m) = -m. Let t be r(0). Let q(x) = -x**3 - 9. What is q(t)?
-9
Let j(u) = u**3 - 6*u**2 + 4*u + 4. Let m be (-4)/(-10) - 46/(-10). Give j(m).
-1
Let f(z) = 2*z**3 + 8*z**2 - 3 - 6*z**2 - 4*z**2 + 2*z. What is f(2)?
9
Let o(l) = -6*l**2 + 4*l + 5. Let v(h) = 7*h**2 - 5*h - 6. Let j(d) = 6*o(d) + 5*v(d). Determine j(1).
-2
Let b(a) = -2*a**2 + 2*a. Let t(z) = -3*z + 11. Let f be t(3). Give b(f).
-4
Let p(g) be the first derivative of g**4/4 - 5*g**3/3 - g**2/2 + 2*g - 2. Determine p(5).
-3
Let d(g) be the first derivative of g**4/4 + 2*g**3/3 - 2*g**2 - 2*g - 8. Determine d(-4).
-18
Let k(l) = l**3 - 2*l**2 - 5*l + 4. Let t(o) = -o**3 + 25*o**2 - 25*o + 27. Let w be t(24). Determine k(w).
-2
Let d(s) be the second derivative of -s**4/12 + 2*s**3/3 - 3*s**2 + 12*s. Give d(4).
-6
Let o(m) be the second derivative of m**5/20 + m**4/6 + 3*m**2/2 + 14*m. What is o(-3)?
-6
Let n(x) be the second derivative of 1/2*x**4 - x**3 + 0 - 9*x - 1/20*x**5 - 7/2*x**2. Determine n(5).
-12
Let f(w) be the first derivative of -w**4/4 + 2*w**3/3 - 3. Let t(m) = 0*m - 1 - 4*m + 4*m - m. Let c be t(-4). Calculate f(c).
-9
Let q(f) = f**2 - 3*f + 1. Let k(x) = x**3 - 3*x**2 + x - 2. Let v be k(3). What is q(v)?
-1
Let u(y) = -2*y**3 - 4*y**3 + 5*y**2 - 4 + 7*y**3 + 2*y. What is u(-4)?
4
Let q(z) = 4*z**2 - 4*z - 13. Let n(d) = -5*d**2 + 3*d + 14. Let j(l) = -5*n(l) - 6*q(l). Let s = 11 - 19. Determine j(s).
0
Let q(x) = 9*x**3 - x**2 - x + 1. Let f be ((-6)/9)/(2/42). Let c = -13 - f. What is q(c)?
8
Let x be ((-3)/6 - 1)/((-3)/4). Let o(b) be the third derivative of -1/6*b**3 - 3*b**x - 5/24*b**4 + 0*b + 0. What is o(1)?
-6
Let o(u) = 9*u + 36 - 10 - 9*u**2 - 21 + u**3. Determine o(8).
13
Let v = 1 + 4. Let i = -3 + v. Let t = -3 + i. Let b(q) = q**2 + q - 1. Determine b(t).
-1
Suppose 5*n = 3*v - 5, 2*v - 11 = n - 3. Suppose -n*b + 12 = b. Let j(i) = -i + 1. Determine j(b).
-3
Let k(r) = -3*r + 5. Let s(c) = -2*c + 2. Let b(i) = -3*k(i) + 5*s(i). Let h be 1/2*(7 + -7). What is b(h)?
-5
Let q(k) = -4*k + 3. Let v(s) = -5*s + 4. Let g(f) = -4*q(f) + 3*v(f). Let t = -18 + 12. What is g(t)?
-6
Let z(o) be the first derivative of -o**4/4 + o**3/3 - o**2/2 - 9*o - 54. Suppose -4*p + 8 = 4*k - 6*k, -5*p = -k - 4. Calculate z(p).
-9
Let m(f) be the third derivative of -f**6/40 - f**5/30 + f**4/12 - f**3/6 + 12*f**2. Give m(1).
-4
Let g(y) = 6*y**3 + 10*y - 5. Let v(x) = 7*x**3 - x**2 + 11*x - 6. Let n(z) = 6*g(z) - 5*v(z). Determine n(-4).
-4
Let y be (54/(-36))/((-2)/(-4)). Let x(t) = t + 7. What is x(y)?
4
Let z(v) = 4*v**3 - 5*v**2 + 3. Let i(c) = -4*c**3 - 3*c**2 - 4 - c + 8*c**2 - c**3. Let j(k) = 5*i(k) + 6*z(k). Give j(-3).
-5
Let p(k) = -k**2 - 5*k - 3. Let f be 4/2 - (-1 - -5). What is p(f)?
3
Let t(n) = n**2 - 5*n + 1. Suppose -48 = -2*v - v. Let a be (-3)/(-2)*v/6. Suppose -3*c - a*j = -9 - 18, -3*c = -5*j. What is t(c)?
1
Let b(k) = k - 1. Let h(x) = -7*x + 17. Let o(c) = -6*b(c) - h(c). Calculate o(8).
-3
Let j(d) be the first derivative of d**3/3 + 2*d**2 - 7*d - 11. What is j(-5)?
-2
Let t = 9 + -7. Let l(q) = -2*q**t - 5*q + q**2 - 3 + 0*q**2. Determine l(-5).
-3
Let c(h) be the third derivative of -h**5/60 + 3*h**4/8 - 5*h**3/3 + 23*h**2. Determine c(9).
-10
Let o = 11 - 4. Let k(q) = o - 6 - q + 4*q. What is k(-4)?
-11
Let x(u) = 6*u**2 - 4*u + 5 + 1 - 5 + 1. What is x(2)?
18
Suppose -k - k = 8. Let p(l) = l**3 + 5*l**2 + l + 2. Give p(k).
14
Let c(t) = 2*t - 1. Let b be 10/(-25) - (-7)/5. Let i be c(b). Let f(a) be the first derivative of -2*a**3/3 - a**2/2 + a - 1. Calculate f(i).
-2
Let p(g) = -g**2 - 10*g - 4. Suppose 0 = i - 35 + 44. What is p(i)?
5
Let s(f) = 3*f**3 - 3*f**2 - f - 3. Let i(t) be the first derivative of -2*t**4 + 10*t**3/3 + 2*t**2 + 10*t - 4. Let n(o) = -2*i(o) - 7*s(o). What is n(1)?
-4
Let s(w) be the second derivative of -w**5/20 + w**4/2 - 7*w**3/6 + w**2/2 - 50*w. What is s(5)?
-9
Let t(o) be the second deriva